e b(1). What are the prime factors of u(k)?
73
Suppose -4*w = c - 19, 4*w - 4*c = 2*w - 4. Suppose 0 = w*m - 6*m - 24. Let x(z) = 2*z**3 + 25*z**2 + z + 4. List the prime factors of x(m).
2, 17
Suppose -4*a + 5780 = -4*r, 6*r = 5*a + 9*r - 7265. Suppose -189*y + a = -184*y. What are the prime factors of y?
2, 5, 29
Let x(k) be the first derivative of k**2/2 + 12*k + 20. Let i be x(-7). What are the prime factors of (-4)/20*i + 1*107?
2, 53
Let g(j) = 3*j**3 - 7*j**2 - 34*j - 12. Let b be g(23). Suppose 29*o - b = 9814. What are the prime factors of o?
2, 7, 103
List the prime factors of 56256 - (15 - (-15 - -4)).
2, 5, 5623
Let w(z) = -1234*z + 2578. List the prime factors of w(-7).
2, 701
Let a(l) = 21 - l + 3*l**2 - 2*l - 3*l - 2*l**2. Let j be a(5). What are the prime factors of 988/j - (-4)/16?
2, 31
Suppose 7*u - 76650 = 18418 + 15504. What are the prime factors of u?
2, 11, 359
List the prime factors of 92904/21 + 0 + 4.
2, 3, 41
Let o = 1886 + -3101. Let l = o - -2389. List the prime factors of l.
2, 587
Let w(s) = s**2 - 11*s - 46. Let j be (40/60)/(4/90). Let x be w(j). Suppose -x*u = -12*u - 464. What are the prime factors of u?
2, 29
List the prime factors of -8*(-25763)/8 + 17.
2, 5, 1289
Let m be 2/((8/(-12))/2). Let p(d) = 4*d**2 - 9*d - 8. Let k be p(m). Let j = -129 + k. List the prime factors of j.
61
Let d(m) = -m**2 + 15*m + 25. Let w be d(17). List the prime factors of 3/w*-9*87.
3, 29
What are the prime factors of ((-8)/(-12)*7/14)/(7/469203)?
22343
Let f be (-4)/(-1 - 1/3). Suppose g = -f*g + 2400. What are the prime factors of g?
2, 3, 5
Let v(g) = 7*g + 24. Let k = 77 + -85. Let t be v(k). Let s = 103 + t. List the prime factors of s.
71
Let m(p) be the second derivative of -p**5/20 - p**4/4 + 5*p**3/6 + 6*p**2 - 9*p. Let h be m(-4). What are the prime factors of (10/h - (-2)/(-8))*85?
5, 17
List the prime factors of (56 + 1)*487751/957.
11, 19, 139
Suppose 52 = s + z, 2*s - 3*z = 3*s - 58. Let i(j) = 91*j + 1690. Let y be i(-19). Let r = s - y. What are the prime factors of r?
2, 11
Let s(v) = -v**3 - 11*v**2 + 3*v - 13. Let g be s(-12). Suppose 2*o + 2*f - 86 = o, -o = -f - g. Let i = -39 + o. What are the prime factors of i?
53
Let q(u) = 1068*u**2 - 74*u - 153. What are the prime factors of q(-2)?
17, 251
Let v be 0 + -2 + (-832)/(-4). Suppose -3*i = -2*m - 261, 5*i + 163 = -5*m + 4*m. Let z = v + m. What are the prime factors of z?
2, 17
Let w = -6517 - -12184. What are the prime factors of w?
3, 1889
Let z(c) = c**2 - 3*c - 16. Let p be z(-30). Let i = 252 - p. Let s = -430 - i. What are the prime factors of s?
2, 73
Let b(s) = -6*s + 96. Let j be b(15). Suppose -j*l + l + 333 = -2*f, -72 = -l - 5*f. What are the prime factors of l?
67
Let w(q) = -q**2 - 24*q - 45. Let m be w(-2). Let j(r) = 502*r**2 + r - 1. List the prime factors of j(m).
2, 5
Let y be (6/4 - 3) + (-177)/(-6). Let d be (y/(-8))/(-7) + 21/(-6). Let o(t) = 9*t**2 + t + 5. What are the prime factors of o(d)?
83
Let y be (-2)/(-2) + 5 + -1. Let g = y + 2. Suppose g*u - 133 = -0*u. List the prime factors of u.
19
Let m = -94 + 85. Let s be (-30)/m - (-4)/(-3). Suppose -s*q + 306 = 2. What are the prime factors of q?
2, 19
Let k(r) = r**2 + 19*r - 15. Let z(n) = n**3 - 7*n**2 - 9*n - 9. Let g be z(8). Let t be k(g). Let b = t + 92. What are the prime factors of b?
43
Suppose -3*c - 31*c - 884 = 0. Let s = c + 477. What are the prime factors of s?
11, 41
Let a = 150 + 320. Let b = -250 + a. Suppose 0 = -6*t + t + b. What are the prime factors of t?
2, 11
Let c be 757/(-5) - (-27)/(-45). Let p = 83 - c. What are the prime factors of p?
5, 47
Suppose 49 - 12 = -2*k + 3*d, 0 = 5*k + 2*d + 102. Let c be (-22)/121 + 417/(-33)*17. List the prime factors of (-3 - c/k)*-4.
5, 11
Suppose -11541 - 172097 = -14*c + 195846. What are the prime factors of c?
2, 13553
Suppose 233*x - 288867 = -106428. What are the prime factors of x?
3, 29
Suppose -3*f + 1 = -2. List the prime factors of (1/(-2))/(6/(-1884*f)).
157
Let r(n) = -18*n**2 - 36*n + 2932. List the prime factors of r(0).
2, 733
Suppose 5*z - 139790 = 5*h, 0 = 4*z - 243*h + 245*h - 111802. What are the prime factors of z?
27953
Let u = 113 - 92. Let s = 1 + -1. Suppose s = -5*t + u + 44. What are the prime factors of t?
13
What are the prime factors of ((8 - 0) + -227)/(3/(-55))?
5, 11, 73
Let k(c) = 0*c + 714*c**2 - 3 + 6*c - 709*c**2. Let b = -10 + 4. What are the prime factors of k(b)?
3, 47
Let g(t) = 10 - 3*t**2 + 16 - 2*t - 207*t**3 - 25. Let h be g(-2). Suppose 14*n - h = 1613. What are the prime factors of n?
233
Let c be 48/16 - (-11 + 1)*19. Let h be -109 + (-2)/(-1) + -1. Let s = c + h. List the prime factors of s.
5, 17
Let c(n) = -n**3 - 6*n**2 + 13*n - 24. Let o be c(-8). Suppose o = -j + i + 59, 4*j - 275 = i - 33. What are the prime factors of j?
61
Let y(t) = t**3 - 3*t**2 + 2*t. Let c be y(5). Let s = -57 + c. Suppose 4*u - 632 = s*x, 0 = u - 3*u - 2*x + 316. What are the prime factors of u?
2, 79
Suppose 13*o - 16*o = 393. Let k = 211 + o. Suppose -590 - k = -10*i. What are the prime factors of i?
67
Suppose -7192 = -19*q + 11*q. Suppose 0 = -n - 386 + q. What are the prime factors of n?
3, 19
Let j(y) = -y**2 + 6*y - 5. Let i be j(3). Suppose -9*l - b = -6*l + 10, 4 = -3*l - i*b. What are the prime factors of 144 + (-6 - l) + 4?
2, 73
Suppose 2*a - 179 = 5*n, 5*a + 0*n - 405 = 4*n. Let t = a - 29. What are the prime factors of (12/t)/(1/268)?
67
Let h = 11613 - 6450. List the prime factors of h.
3, 1721
Let l = 3951 + -3663. What are the prime factors of l?
2, 3
Let f be ((-51)/68)/((-2)/(-1144)). Let w = f - -665. List the prime factors of w.
2, 59
Suppose 2*f = 4*j - 15844, -3*f + 4831 = j + 877. Suppose 11*k = 13*k - j. Suppose -13*w + w = -k. What are the prime factors of w?
3, 5, 11
Suppose -46*b - 25*b = -519933. What are the prime factors of b?
3, 2441
Suppose -4*v + 30*x = 35*x - 25243, 5*x = 15. What are the prime factors of v?
7, 17, 53
Let o(x) = 2*x - 7. Let c(y) = 3*y - 1. Let s be c(2). Let d be o(s). Suppose -7 + 1 = 3*m, d*m + 494 = 4*n. List the prime factors of n.
2, 61
List the prime factors of (5 - 103)*(-3270)/60.
7, 109
Let r be (0 + 4/6)/(1/18). Suppose -f + 3*f - r = 0. Let k = f - 4. List the prime factors of k.
2
Let v(r) = 7868*r + 26. What are the prime factors of v(1)?
2, 3947
Suppose 3*x + 12 = 5*n + 4, 1 = 3*n + 2*x. List the prime factors of (n + 218)/(9/54).
2, 3, 73
Let t = -12343 - -19362. What are the prime factors of t?
7019
Let s(h) = -3*h**3 + 13*h**2 - 45*h - 62. Let u(j) = 2*j**3 - 9*j**2 + 30*j + 41. Let v(y) = 5*s(y) + 8*u(y). List the prime factors of v(9).
3, 5, 7
Suppose -7*u = -0*u. Let b(n) = n**2 - 2*n + 5. Let x be b(u). Suppose -5*r + 185 = 5*y, 123 = 4*r + x*y - 28. List the prime factors of r.
2, 17
List the prime factors of (-20)/55 + (-2538150)/(-330).
7691
Let o = -2042 - -25277. List the prime factors of o.
3, 5, 1549
Let j = 4563 - -504. List the prime factors of j.
3, 563
Suppose -q + 8*g - 12*g = -37339, 4*q + 2*g - 149454 = 0. List the prime factors of q.
11, 43, 79
Let v = -208 - -63. Let a = v + 242. Suppose a = 7*o - 50. What are the prime factors of o?
3, 7
Suppose -3*m = 5*l + 19, 2*m + 4 = -l + 2*l. Let n be (-70)/(-15)*m/2. Let x = 130 + n. List the prime factors of x.
3, 41
Let z(b) = -3*b + 1. Let k(i) = -25*i - 91. Let w(q) = k(q) - z(q). List the prime factors of w(-15).
2, 7, 17
Let y = -65 + 83. Suppose p + y + 22 = 0. Let m = p + 67. List the prime factors of m.
3
Suppose -42*f = -39*f - 3*q - 13083, 13119 = 3*f + 3*q. What are the prime factors of f?
11, 397
Suppose -4*r + 15 = -r. Let g be 4 - (-10)/(r/(-1)). Suppose 3*c + 3*l - 300 = 0, 2*c + 5*l = -g*c + 399. List the prime factors of c.
101
What are the prime factors of -548*(-16)/(320/285)?
3, 19, 137
Let f(x) = x**3 + 88*x**2 + 237*x - 506. What are the prime factors of f(-84)?
2, 5, 11, 71
Suppose 0 = 23*y - 22*y - 5. Suppose m - y*f = -17, 0*m + 17 = 3*m + 2*f. Suppose -390 = -m*l - a, 2*l - a + 260 = 4*l. What are the prime factors of l?
2, 5, 13
Let r(o) = 4*o**2 + 33 + 7*o - 6*o - 34. Let f be r(1). Suppose 3*t + 4*p - 595 = 0, -f*p = -4*t - t + 981. List the prime factors of t.
197
Let c(j) = -612*j**3 - 8*j**2 - 6*j + 12. List the prime factors o